ded by 119.
15
Calculate the remainder when 946 is divided by 66.
22
What is the remainder when 720 is divided by 90?
0
Calculate the remainder when 351 is divided by 111.
18
What is the remainder when 247 is divided by 10?
7
What is the remainder when 1119 is divided by 44?
19
Calculate the remainder when 206 is divided by 102.
2
What is the remainder when 470 is divided by 128?
86
What is the remainder when 468 is divided by 260?
208
Calculate the remainder when 74 is divided by 38.
36
What is the remainder when 2688 is divided by 55?
48
What is the remainder when 699 is divided by 218?
45
Calculate the remainder when 8372 is divided by 67.
64
Calculate the remainder when 1166 is divided by 85.
61
Calculate the remainder when 134 is divided by 3.
2
What is the remainder when 449 is divided by 208?
33
Calculate the remainder when 19581 is divided by 36.
33
Calculate the remainder when 1872 is divided by 67.
63
What is the remainder when 114 is divided by 25?
14
What is the remainder when 63 is divided by 39?
24
What is the remainder when 157 is divided by 53?
51
What is the remainder when 350 is divided by 170?
10
Calculate the remainder when 93 is divided by 29.
6
Calculate the remainder when 33 is divided by 21.
12
What is the remainder when 751 is divided by 90?
31
Calculate the remainder when 422 is divided by 100.
22
Calculate the remainder when 63 is divided by 22.
19
What is the remainder when 6049 is divided by 68?
65
What is the remainder when 552 is divided by 45?
12
What is the remainder when 1344 is divided by 321?
60
What is the remainder when 54 is divided by 47?
7
Calculate the remainder when 53 is divided by 2.
1
Calculate the remainder when 48 is divided by 10.
8
What is the remainder when 1946 is divided by 195?
191
What is the remainder when 62 is divided by 25?
12
What is the remainder when 289 is divided by 113?
63
Calculate the remainder when 126 is divided by 45.
36
What is the remainder when 1234 is divided by 65?
64
Calculate the remainder when 2171 is divided by 136.
131
What is the remainder when 53 is divided by 8?
5
What is the remainder when 2339 is divided by 20?
19
What is the remainder when 2063 is divided by 684?
11
Calculate the remainder when 450 is divided by 17.
8
What is the remainder when 1180 is divided by 91?
88
What is the remainder when 8964 is divided by 147?
144
What is the remainder when 1102 is divided by 69?
67
What is the remainder when 59 is divided by 21?
17
Calculate the remainder when 18959 is divided by 237.
236
What is the remainder when 113 is divided by 68?
45
Calculate the remainder when 29 is divided by 6.
5
Calculate the remainder when 141 is divided by 4.
1
Calculate the remainder when 44 is divided by 26.
18
Calculate the remainder when 99 is divided by 48.
3
What is the remainder when 1531 is divided by 19?
11
Calculate the remainder when 9371 is divided by 36.
11
What is the remainder when 34 is divided by 12?
10
What is the remainder when 601 is divided by 196?
13
Calculate the remainder when 8031 is divided by 26.
23
What is the remainder when 314 is divided by 11?
6
Calculate the remainder when 1793 is divided by 447.
5
What is the remainder when 7192 is divided by 424?
408
Calculate the remainder when 75 is divided by 19.
18
Calculate the remainder when 23 is divided by 11.
1
Calculate the remainder when 569 is divided by 82.
77
What is the remainder when 91 is divided by 34?
23
What is the remainder when 90 is divided by 27?
9
What is the remainder when 1429 is divided by 476?
1
What is the remainder when 31 is divided by 1?
0
Calculate the remainder when 498 is divided by 137.
87
What is the remainder when 445 is divided by 16?
13
Calculate the remainder when 3639 is divided by 604.
15
What is the remainder when 83 is divided by 42?
41
What is the remainder when 104 is divided by 19?
9
What is the remainder when 1965 is divided by 980?
5
Calculate the remainder when 941 is divided by 16.
13
What is the remainder when 95 is divided by 17?
10
What is the remainder when 1181 is divided by 19?
3
Calculate the remainder when 1510 is divided by 89.
86
What is the remainder when 322 is divided by 78?
10
Calculate the remainder when 322 is divided by 15.
7
Calculate the remainder when 883 is divided by 298.
287
What is the remainder when 29 is divided by 18?
11
Calculate the remainder when 3973 is divided by 10.
3
Calculate the remainder when 359 is divided by 45.
44
What is the remainder when 962 is divided by 476?
10
Calculate the remainder when 125 is divided by 44.
37
Calculate the remainder when 2856 is divided by 106.
100
Calculate the remainder when 5816 is divided by 97.
93
Calculate the remainder when 78 is divided by 37.
4
Calculate the remainder when 176 is divided by 20.
16
Calculate the remainder when 236 is divided by 11.
5
Calculate the remainder when 3023 is divided by 121.
119
What is the remainder when 607 is divided by 13?
9
Calculate the remainder when 2627 is divided by 18.
17
Calculate the remainder when 167 is divided by 4.
3
What is the remainder when 396 is divided by 40?
36
What is the remainder when 181 is divided by 61?
59
What is the remainder when 1078 is divided by 27?
25
Calculate the remainder when 146 is divided by 52.
42
Calculate the remainder when 432 is divided by 35.
12
Calculate the remainder when 100 is divided by 70.
30
Calculate the remainder when 7542 is divided by 164.
162
Calculate the remainder when 428 is divided by 13.
12
What is the remainder when 139 is divided by 11?
7
Calculate the remainder when 395 is divided by 33.
32
Calculate the remainder when 31 is divided by 13.
5
What is the remainder when 7340 is divided by 22?
14
Calculate the remainder when 52 is divided by 10.
2
What is the remainder when 96 is divided by 38?
20
Calculate the remainder when 435 is divided by 49.
43
What is the remainder when 779 is divided by 28?
23
Calculate the remainder when 1747 is divided by 41.
25
What is the remainder when 765 is divided by 41?
27
Calculate the remainder when 1182 is divided by 1178.
4
What is the remainder when 3158 is divided by 29?
26
Calculate the remainder when 64 is divided by 8.
0
Calculate the remainder when 272 is divided by 135.
2
Calculate the remainder when 649 is divided by 99.
55
Calculate the remainder when 169 is divided by 20.
9
What is the remainder when 790 is divided by 12?
10
What is the remainder when 1311 is divided by 1291?
20
Calculate the remainder when 113 is divided by 12.
5
Calculate the remainder when 499 is divided by 25.
24
Calculate the remainder when 277 is divided by 59.
41
What is the remainder when 55 is divided by 9?
1
What is the remainder when 333 is divided by 56?
53
Calculate the remainder when 908 is divided by 888.
20
Calculate the remainder when 1278 is divided by 7.
4
What is the remainder when 3393 is divided by 178?
11
What is the remainder when 360 is divided by 74?
64
What is the remainder when 17 is divided by 7?
3
What is the remainder when 885 is divided by 12?
9
What is the remainder when 3002 is divided by 21?
20
Calculate the remainder when 4 is divided by 2.
0
Calculate the remainder when 408 is divided by 126.
30
Calculate the remainder when 75 is divided by 40.
35
Calculate the remainder when 193 is divided by 37.
8
What is the remainder when 666 is divided by 155?
46
Calculate the remainder when 278 is divided by 19.
12
What is the remainder when 1411 is divided by 60?
31
What is the remainder when 937 is divided by 249?
190
What is the remainder when 737 is divided by 9?
8
Calculate the remainder when 96 is divided by 15.
6
What is the remainder when 61 is divided by 16?
13
What is the remainder when 967 is divided by 51?
49
Calculate the remainder when 171 is divided by 37.
23
Calculate the remainder when 3427 is divided by 49.
46
What is the remainder when 496 is divided by 81?
10
What is the remainder when 936 is divided by 48?
24
What is the remainder when 2333 is divided by 31?
8
Calculate the remainder when 311 is divided by 41.
24
What is the remainder when 125 is divided by 14?
13
Calculate the remainder when 2136 is divided by 299.
43
Calculate the remainder when 2397 is divided by 49.
45
Calculate the remainder when 833 is divided by 40.
33
Calculate 